mposite?
False
Let v(a) = 22*a + 25. Let l be (3/6)/(1/12). Is v(l) composite?
False
Suppose 0 = -m + 5, -4*m - 98565 = -5*b - 0*b. Is b prime?
True
Let m(d) = 3*d**3 + 2*d**2 - 11*d - 6. Let c be m(-8). Let z = 2317 + c. Is z prime?
True
Let f(m) = -m**3 + 4*m**2 - m. Let k be f(2). Let j = -6 + k. Suppose j = -p + 3*p - 22. Is p a prime number?
True
Let x = 1100 - 126. Suppose x = -146*h + 148*h. Is h composite?
False
Suppose -18*s + 24788 = 4*b - 13*s, b - 6197 = 3*s. Is b composite?
False
Suppose 9815 = 5*f - 5*t, 9839 = -6*f + 11*f + t. Is f prime?
False
Let f(s) = -s**2 - 7*s - 2. Let t be f(-7). Is ((-12)/8 - t)/(2/2540) a composite number?
True
Let n(g) = 19*g**2 + 10 - 2*g - 5 + 0*g. Is n(-6) a composite number?
False
Is -6*6/(-36)*4967/1 a composite number?
False
Let g(q) be the third derivative of 7*q**6/40 + q**5/20 - q**4/24 + 5*q**3/3 - 10*q**2. Let h be g(5). Suppose 5*r - h = -4*y, -y = -0*y. Is r a prime number?
True
Let y(w) = 123*w**3 - 2*w + 3*w**2 - 414*w**3 - 5*w**2. Is y(-1) a composite number?
True
Let c be 1*-7*(4 + -3). Let b(z) = -3*z**3 + 8*z**2 - z + 7. Let k be b(c). Suppose 2*v - k = -3*v. Is v a prime number?
False
Let k(l) be the second derivative of 8*l**4 - 7*l**3/6 + 29*l**2/2 + 30*l. Is k(4) a composite number?
True
Is 11952/5 + (-544)/(-40) + -13 prime?
False
Is (-17 - -19)/((-4)/(-108074)) prime?
True
Let c be (5796/20)/((-4)/(-80)). Let j = c - 3811. Is j a prime number?
False
Let d(i) = 762*i**3 - i**2 + i - 1. Let w be d(1). Suppose -h + 4*r + w = 232, -2*r - 2699 = -5*h. Is h prime?
True
Let o be 1/(-1) + (0 - -7). Suppose -g - 5*r - 75 = -o*g, 0 = r. Is g + (2 - (-4)/(-2)) composite?
True
Let u be 4 - (-20 + 0 + 0). Is 18/u + 9147/12 a prime number?
False
Suppose 0 = -3*b - b - 544. Let l = -69 - b. Let a = 112 + l. Is a a prime number?
True
Let a = -1021 + 2283. Suppose -j - 1891 = -4*j - 2*o, 2*o = -2*j + a. Is j composite?
True
Suppose -4*q - 12 = -2*q. Let b be ((-65)/78)/(1/q). Is (145/1)/(b/5) prime?
False
Let w(t) = 128*t**2 - t + 6. Let z be w(-6). Suppose -5489 - z = -11*u. Is u composite?
False
Let i(u) = 7*u**2 + 2*u + 5. Let f(z) = 2*z**3 - z**2 - z - 1. Let j be f(-1). Is i(j) composite?
True
Suppose -2*k + 2*f - 130 = 136, -5*k - 3*f = 697. Let g be 2*1217/(-7) - 16/56. Let r = k - g. Is r prime?
True
Let k = -889 - -4674. Suppose -k - 12105 = -10*g. Is g composite?
True
Let h(g) = -g**3 - 12*g**2 + g + 8. Let f be h(-12). Is f + 0 + 4 + 303 a composite number?
True
Let s be 3 - (-1 - -3)/2. Suppose s = -3*i + 11. Suppose -m + 44 = -i. Is m composite?
False
Let t(a) = 4*a**3 - 2*a**2 - 10*a + 1. Let v be t(-5). Let j = 342 - v. Is j composite?
True
Let f(k) = -k**3 - 4*k**2 - k + 1. Suppose -3*t = 4*w + 23 + 5, -5*t - 5*w = 40. Let p be f(t). Suppose -3*n = 12, 0*a + p*n = 5*a - 3835. Is a prime?
False
Let b be (44/(-5))/(10/(-50)). Suppose b - 188 = -3*z + 3*h, -3*z = 3*h - 150. Is z a composite number?
True
Suppose 2*f + 3 = f. Let m be 3*((-8)/f - 1). Suppose -15 = 3*j - 0*j, m*y = j + 120. Is y a prime number?
True
Suppose -16*c = -26*c + 30370. Is c composite?
False
Let p(v) = -v**2 - 5*v - 3. Let x be p(-3). Suppose 2616 = 3*a + a + 4*h, x*h - 664 = -a. Is a composite?
True
Suppose -22*z - 50859 = -25*z. Is z a composite number?
True
Let j = 1 + -2. Let o(m) be the third derivative of -289*m**6/120 - m**5/30 - m**4/8 - m**3/6 + 112*m**2. Is o(j) composite?
True
Let b(f) = -f**2 + 7*f - 12. Suppose -n - 10 + 16 = 0. Let x be b(n). Is 2/x - 29138/(-51) prime?
True
Let l = -36588 + 61029. Is l composite?
True
Suppose 0 = 5*m - 2*r - 36849, 14748 = -4*m + 6*m - 5*r. Is m a composite number?
False
Suppose 0 = 2*s + l - 14559, 3*s + 8*l - 21840 = 5*l. Is s composite?
True
Suppose 3*x = 3, 0*b - 5 = -2*b - 5*x. Suppose b*c = 4*c + m - 1256, -2*m = -4*c + 1256. Suppose 4*l - 5*l + c = 0. Is l composite?
True
Suppose 2*i - 26 = -18. Suppose 2*p - 4*p - 236 = -i*h, -3*p = 5*h - 284. Is h composite?
True
Let a(d) = 14*d**2 - 284*d - 61. Is a(43) a composite number?
False
Suppose -3*p + b + 3130 = 0, 0*b - 1020 = -p + 5*b. Let d = 2886 - p. Is d prime?
False
Let l(n) = n**3 + 6*n**2 - 5*n + 9. Let z be l(-5). Suppose 5*o = 5*j + 56 + z, -4*o = -3*j - 72. Let h = j - -27. Is h a prime number?
True
Is (-1727)/(-2) - (6 + 165/(-22)) composite?
True
Let t = -3070 + 4593. Is t a composite number?
False
Is 85948/28 - 2 - 12/21 a prime number?
True
Let j(y) = 3*y**3 + 7*y**2 + y + 3. Let v be j(6). Let f = -406 + v. Is f prime?
True
Let j = -15915 + 42014. Is j composite?
False
Let k(t) = 2*t - 28. Let w be k(13). Is (w/(-4))/(7 + (-21078)/3012) prime?
True
Let r(l) = l**3 - 19*l**2 + 44*l + 3. Is r(25) composite?
True
Let d(s) = -3*s**3 - 10*s**2 - 11*s - 6. Let p be d(-9). Let a = p - 897. Let r = a + -102. Is r prime?
False
Let w = -156 + 1077. Is ((-6)/9 + 1)*(w - 0) composite?
False
Let y(p) = p**2 + 6*p - 17. Let n be y(-8). Is 335 + -4 + n + 1 a prime number?
True
Let b = 6 + -4. Suppose -r = -5*t + 10, 5*r = -b*t - t + 34. Suppose -r*z + 773 = 3*m, 4*m + 3*z - 1016 = -0*m. Is m a composite number?
False
Let s = 3785 + -2587. Suppose 6*w - 1172 = s. Suppose -w = -5*f - 3*j + 4*j, 5*f + 3*j - 395 = 0. Is f a composite number?
False
Let l(f) = -10*f**3 + 6*f**2 - 5*f + 3. Let u be l(4). Let p(b) = -b**3 - 14*b**2 + 18*b - 38. Let n be p(-18). Let x = n + u. Is x a prime number?
True
Let o = 130 - 149. Let x be ((-60)/(-1))/(3/2). Let m = o + x. Is m prime?
False
Let g be -4 + 2 + 24 - 1. Let y be (-3 + g/3)*2. Suppose y*d - 5*d - 282 = 0. Is d a prime number?
False
Suppose u - 2*h = 1191 + 2552, -3749 = -u + 5*h. Is u prime?
True
Let b be -3 + (1 + -3)*-2. Let d(x) = -2584*x**2 - x. Let f be d(b). Let c = -600 - f. Is c composite?
True
Let t(s) be the third derivative of -s**6/30 - s**5/12 - s**4/8 + 5*s**3/6 - 96*s**2. Suppose 2*z + 26 = 4*f, 5*f - f = 4*z + 36. Is t(z) composite?
True
Let c = 1767 + 3530. Is c prime?
True
Let f = -652 + 3663. Is f prime?
True
Let c be (5 - 7) + 4/1. Suppose -c*b - 3*b + 1190 = 0. Suppose 4*h + b = 6*h. Is h a prime number?
False
Let j(u) = -u**2 + 11*u - 13. Let l be j(7). Let a be (54/l)/(12/40). Suppose a*g + 3460 = 16*g. Is g prime?
False
Suppose 46155 = 5*u + 2*q, 2*u - 3*q + 2*q - 18462 = 0. Suppose 5*x = -2*b + 6*b + 15387, 3*x = 3*b + u. Is x a prime number?
True
Suppose b = -4*n - 22 - 15, 0 = -2*b + 3*n - 19. Let w = b - -31. Is w a composite number?
True
Let w be (20/(-8))/(-5)*0. Suppose w = -0*j - 4*j + 268. Let t = j + 424. Is t composite?
False
Suppose t - 6 = -0*t. Suppose t*p - 1865 = p. Is p prime?
True
Is -2 + 0 + 4436 + 7 prime?
True
Let r(u) = -7754*u - 21. Is r(-2) composite?
True
Let r(z) = -2*z**2 + 12*z + 7. Let c be r(6). Suppose -570 = -c*q + q. Is q prime?
False
Let b(p) = -1637*p**3 - 4*p**2 - 4*p. Is b(-1) a composite number?
False
Suppose 3*d = -0*d + k + 6599, -4*k = 3*d - 6619. Is d a prime number?
False
Let k be (-2)/(-3) - 4/(-3). Suppose 2*p + k*u - 750 = 0, -u + 0*u + 1133 = 3*p. Is p a prime number?
True
Let b(j) = 36*j - 5. Let q(a) = -a**3 - 8*a**2 - 3*a - 8. Let g be q(-8). Suppose 0 = -3*k + g + 2. Is b(k) a prime number?
True
Is 3 + (-44)/6*-1311 composite?
True
Let r be (-11)/(-3) + 32/(-48). Suppose r*o + 445 = -2*n + 1636, -2*n - 389 = -o. Is o a prime number?
False
Let t(d) = 3941*d**2 + 3*d + 3. Is t(-1) composite?
True
Let b be (-44420)/(-16) + (-15)/(-20). Suppose -b - 3025 = -6*z. Is z composite?
False
Suppose -j + m = 2*m - 7, 0 = 4*j - 2*m - 16. Suppose 0 = 3*r + 2*r + j, -3*r - 7 = b. Is (14/b + 4)*2342 composite?
False
Suppose -1471*b + 1466*b + 20 = 0. Let i(l) be the first derivative of 11*l**2/2 + 7*l + 1. Is i(b) prime?
False
Suppose 5*l - 4*u + 6834 - 21341 = 0, 2*u = 2*l - 5802. Is l composite?
False
Is 2*(-11 - (-21195)/18) a prime number?
True
Is ((-380)/6 - -4)/(2/(-15)) prime?
False
Let r be 273/(-15) - 6/(-30). Let f be (7028/42)/((-4)/r). Suppose -3*n + 0*n - 932 = -5*k, -4*k - 5*n = -f. Is k prime?
False
Is (6/2)/(35343/(-4419) + 8) prime?
False
Let y be (2 - -3) + (0 - 1). Suppose -2*b + 8 = 4*v, 48 = 5*b + y*v - v. Let o = b + 27. Is o a prime number?
False
Let v = -1574 + 5211. Is v composite?
False
Let i = -419 + 4257. Let j = i - 975. Is j prime?
False
Let s = -6 + 8. Suppose -s = -5